{"id":8542,"date":"2020-02-19T16:06:17","date_gmt":"2020-02-19T16:06:17","guid":{"rendered":"https:\/\/pascalsilvestri.fr\/?page_id=4126"},"modified":"2024-10-28T11:18:04","modified_gmt":"2024-10-28T10:18:04","slug":"l-atelier-2","status":"publish","type":"page","link":"https:\/\/pascalsilvestri.fr\/index.php\/l-atelier-2\/","title":{"rendered":"L&rsquo;atelier"},"content":{"rendered":"<p>[vc_section el_name=\u00a0\u00bbTitle Section = Padding top 0&Prime; css=\u00a0\u00bb.vc_custom_1582128760579{padding-top: 0px !important;}\u00a0\u00bb][vc_row full_width=\u00a0\u00bbstretch_row_content_no_spaces\u00a0\u00bb effect=\u00a0\u00bbnone\u00a0\u00bb][vc_column]<style type=\"text\/css\">#ut_si_69e5aba973ba3.ut-skewed-image-border-separated .ut-skewed-image-border-slice { border-color: #ffffff; border-width: 4px }<\/style><div id=\"ut_si_69e5aba973ba3\" class=\"ut-skewed-image-border  ut-skewed-image-border-separated\"><div class=\"ut-skewed-image-border-slice\"><img decoding=\"async\" class=\"ut-lazy\" src=\"data:image\/svg+xml;charset=utf-8,%3Csvg xmlns%3D'http%3A%2F%2Fwww.w3.org%2F2000%2Fsvg' viewBox%3D'0 0 1600 900'%2F%3E\" data-src=\"https:\/\/pascalsilvestri.fr\/wp-content\/uploads\/2024\/10\/pascal-silvestri-atelier-floral-creation-1600x900.jpg\"><\/div><div class=\"ut-skewed-image-border-slice\"><img decoding=\"async\" class=\"ut-lazy\" src=\"data:image\/svg+xml;charset=utf-8,%3Csvg xmlns%3D'http%3A%2F%2Fwww.w3.org%2F2000%2Fsvg' viewBox%3D'0 0 1600 900'%2F%3E\" data-src=\"https:\/\/pascalsilvestri.fr\/wp-content\/uploads\/2024\/10\/pascal-silvestri-creation-fleurs-plantes-fraiches-original-artiste-1600x900.jpg\"><\/div><div class=\"ut-skewed-image-border-slice\"><img decoding=\"async\" class=\"ut-lazy\" src=\"data:image\/svg+xml;charset=utf-8,%3Csvg xmlns%3D'http%3A%2F%2Fwww.w3.org%2F2000%2Fsvg' viewBox%3D'0 0 1600 900'%2F%3E\" data-src=\"https:\/\/pascalsilvestri.fr\/wp-content\/uploads\/2024\/10\/pascal-silvestri-bijou-vegetal-mariage-feerie-fleurs-1600x900.jpg\"><\/div><\/div>[\/vc_column][\/vc_row][vc_row][vc_column offset=\u00a0\u00bbvc_col-lg-offset-2 vc_col-lg-8&Prime;]<style type=\"text\/css\">#ut_custom_heading69e5aba974550 { font-size:70px !important;line-height:125% !important; }@media (min-width: 1025px) and (max-width: 1679px) {#ut_custom_heading69e5aba974550 { line-height:125% !important; }}@media (min-width: 768px) and (max-width: 1024px) {#ut_custom_heading69e5aba974550 { line-height:125% !important; }}@media (max-width: 767px) {#ut_custom_heading69e5aba974550 { line-height:125% !important; }}#ut_custom_heading69e5aba974550 { text-align:center; }@media (min-width: 768px) and (max-width: 1024px) { #ut_custom_heading69e5aba974550 { text-align:center; } }@media (max-width: 767px) { #ut_custom_heading69e5aba974550 { text-align:center; } }<\/style><h1 id=\"ut_custom_heading69e5aba974550\" data-responsive-font=\"h1\" data-responsive-font-settings=\"{&quot;base-font-size&quot;:&quot;70&quot;,&quot;font-size-unit&quot;:&quot;px&quot;,&quot;font-size&quot;:{&quot;desktop_large&quot;:&quot;70&quot;},&quot;base-line-height&quot;:&quot;125&quot;,&quot;line-height-unit&quot;:&quot;%&quot;,&quot;line-height&quot;:{&quot;desktop_large&quot;:&quot;125&quot;,&quot;desktop_small&quot;:&quot;125&quot;,&quot;tablet&quot;:&quot;125&quot;,&quot;mobile&quot;:&quot;125&quot;},&quot;base-letter-spacing&quot;:&quot;global&quot;}\" class=\"ut-custom-heading-module  \" data-appear-effect=\"effect-1\" data-appear-top-offset=\"full\"><span class=\"\" >L&rsquo;ATELIER<\/span><\/h1><style type=\"text\/css\">#ut_custom_heading69e5aba977200 { font-size:16px !important;line-height:30px !important; }#ut_custom_heading69e5aba977200 { font-weight:400; }#ut_custom_heading69e5aba977200 { text-align:center; }@media (min-width: 768px) and (max-width: 1024px) { #ut_custom_heading69e5aba977200 { text-align:center; } }@media (max-width: 767px) { #ut_custom_heading69e5aba977200 { text-align:center; } }<\/style><p id=\"ut_custom_heading69e5aba977200\" data-responsive-font=\"p\" data-responsive-font-settings=\"{&quot;base-font-size&quot;:&quot;global&quot;,&quot;font-size&quot;:{&quot;desktop_large&quot;:&quot;16&quot;},&quot;base-line-height&quot;:&quot;global&quot;,&quot;line-height&quot;:{&quot;desktop_large&quot;:&quot;30&quot;},&quot;base-letter-spacing&quot;:&quot;global&quot;}\" class=\"ut-custom-heading-module  ut-animate-element animated ut-no-animation-tablet ut-no-animation-mobile \" data-effect=\"fadeIn\" data-animateonce=\"yes\" data-delay=\"100\"><span class=\"\" >Une aventure professionnelle qui s&rsquo;\u00e9crit depuis 1994<\/span><\/p>[\/vc_column][\/vc_row][vc_row][vc_column][vc_column_text]Apr\u00e8s 4 ans de formation \u00e0 la Chambre des m\u00e9tiers du Gard (Sud de la France) puis une formation chez un fleuriste montpelli\u00e9rain, il ouvre en 1996 sa premi\u00e8re boutique.<br \/>\nS&rsquo;en suivra de nombreuses formations en Europe,\u00a0 puis\u00a0 un master en fleuristerie.<br \/>\nPascal s&rsquo;engage dans la formation. Il collabore avec deux organismes de formation : Formafleurs pr\u00e8s de Lyon (France) et une \u00e9cole napolitaine en Italie ( Le mani parlano ).<br \/>\nSon atelier de cr\u00e9ation et de production lui permet d&rsquo;intervenir dans le cadre d\u2019\u00e9v\u00e9nements pour les professionnels et les particuliers et d\u2019abonnements \u00e0 destination des professionnels de la restauration.[\/vc_column_text][\/vc_column][\/vc_row][\/vc_section][vc_section parallax=\u00a0\u00bbcontent-zoom\u00a0\u00bb background_position=\u00a0\u00bbcenter center\u00a0\u00bb hide_bg_mobile=\u00a0\u00bbtrue\u00a0\u00bb el_name=\u00a0\u00bbMenu Section\u00a0\u00bb css=\u00a0\u00bb.vc_custom_1726590439582{padding-top: 0px !important;background-position: center !important;background-repeat: no-repeat !important;background-size: cover !important;}\u00a0\u00bb][vc_row equal_height=\u00a0\u00bbyes\u00a0\u00bb content_placement=\u00a0\u00bbmiddle\u00a0\u00bb el_name=\u00a0\u00bbEqual height = On\u00a0\u00bb el_id=\u00a0\u00bbMenu\u00a0\u00bb][vc_column width=\u00a0\u00bb1\/2&Prime; css=\u00a0\u00bb.vc_custom_1581998911739{background-image: url(https:\/\/s3.eu-central-1.amazonaws.com\/unitedthemes-xml\/demo_4\/2020\/02\/16.jpg?id=3951) !important;background-position: center !important;background-repeat: no-repeat !important;background-size: contain !important;}\u00a0\u00bb]<style type=\"text\/css\">#ut_custom_heading69e5aba977249 { font-size:50px !important;line-height:150% !important; }@media (min-width: 1025px) and (max-width: 1679px) {#ut_custom_heading69e5aba977249 { line-height:150% !important; }}@media (min-width: 768px) and (max-width: 1024px) {#ut_custom_heading69e5aba977249 { line-height:150% !important; }}@media (max-width: 767px) {#ut_custom_heading69e5aba977249 { line-height:150% !important; }}#ut_custom_heading69e5aba977249 { text-align:left; }@media (min-width: 768px) and (max-width: 1024px) { #ut_custom_heading69e5aba977249 { text-align:left; } }@media (max-width: 767px) { #ut_custom_heading69e5aba977249 { text-align:left; } }<\/style><h3 id=\"ut_custom_heading69e5aba977249\" data-responsive-font=\"h3\" data-responsive-font-settings=\"{&quot;base-font-size&quot;:&quot;50&quot;,&quot;font-size-unit&quot;:&quot;px&quot;,&quot;font-size&quot;:{&quot;desktop_large&quot;:&quot;50&quot;},&quot;base-line-height&quot;:&quot;150&quot;,&quot;line-height-unit&quot;:&quot;%&quot;,&quot;line-height&quot;:{&quot;desktop_large&quot;:&quot;150&quot;,&quot;desktop_small&quot;:&quot;150&quot;,&quot;tablet&quot;:&quot;150&quot;,&quot;mobile&quot;:&quot;150&quot;},&quot;base-letter-spacing&quot;:&quot;global&quot;}\" class=\"ut-custom-heading-module   vc_custom_1726684163798\" data-appear-effect=\"effect-1\" data-appear-top-offset=\"full\"><span class=\"\" >Un atelier d\u00e9di\u00e9 \u00e0 la cr\u00e9ation<\/span><\/h3>[vc_empty_space]<div data-cursor-skin=\"global\" data-effect=\"fadeIn\" data-animateonce=\"yes\" data-delay=\"\" class=\"wpb_content_element ut-animate-image animated  clearfix\"><style type=\"text\/css\">#ut_am_69e5aba977622 { opacity: 1; }#ut_am_wrap_69e5aba977623 .ut-image-gallery-item-caption-title h3 { letter-spacing: 0em; }#ut_am_wrap_69e5aba977623 .ut-gallery-slider-caption { font-weight: bold; }#ut_am_wrap_69e5aba977623 { text-align: center; }@media (min-width: 768px) and (max-width: 1024px) { #ut_am_wrap_69e5aba977623 { text-align: center !important; } }@media (max-width: 767px) { #ut_am_wrap_69e5aba977623 { text-align: center !important; } }<\/style><div id=\"ut_am_wrap_69e5aba977623\" class=\"ut-image-gallery-image \"><div id=\"ut_reveal_69e5aba977624\"  data-appear-top-offset=\"auto\" class=\"ut-animated-image-item ut-image-gallery-item ut-animation-done \"><a class=\"ut-deactivated-link\" href=\"#\"><div class=\"ut-animated-image-zoom\"><img loading=\"lazy\" decoding=\"async\" class=\"ut-lazy skip-lazy ut-animated-image \"  id=\"ut_am_69e5aba977622\" src=\"data:image\/svg+xml;charset=utf-8,%3Csvg xmlns%3D'http%3A%2F%2Fwww.w3.org%2F2000%2Fsvg' viewBox%3D'0 0 325 217'%2F%3E\" data-src=\"https:\/\/pascalsilvestri.fr\/wp-content\/uploads\/2024\/10\/creation-pascal-silvestri-france-atelier-florale-fleursite-mariage-evenement-mariage-325x217.jpg\" width=\"325\" height=\"217\" alt=\"\"\/><\/div><\/a><\/div><\/div><\/div>[\/vc_column][vc_column width=\u00a0\u00bb1\/2&Prime;]<div class=\"wpb_content_element \">\r\n\t\t\t<style type=\"text\/css\">\r\n\r\n\t\t\t\t\r\n\t\t\t\t\r\n\t\t\t\t\r\n                \r\n\t\t\t\t\r\n                \r\n                \r\n\t\t\t\t\r\n\t\t\t<\/style>\r\n\r\n\t\t\t<div id=\"ut_cs_69e5aba977664\" class=\"ut-comparison-container  ut-comparison-caption-with-shadow\" data-default-offset-pct=\"0.5\" data-orientation=\"horizontal\" data-move-slider-on-hover=\"1\" data-before-label=\"\" data-after-label=\"\">\r\n        <img loading=\"lazy\" decoding=\"async\" data-adaptive-images=\"{&quot;300&quot;:&quot;https:\\\/\\\/pascalsilvestri.fr\\\/wp-content\\\/uploads\\\/2024\\\/09\\\/pascal-silvestri-atelier-orchidees-creation-fleuriste-300x200.jpg&quot;,&quot;500&quot;:&quot;https:\\\/\\\/pascalsilvestri.fr\\\/wp-content\\\/uploads\\\/2024\\\/09\\\/pascal-silvestri-atelier-orchidees-creation-fleuriste-500x333.jpg&quot;,&quot;750&quot;:&quot;https:\\\/\\\/pascalsilvestri.fr\\\/wp-content\\\/uploads\\\/2024\\\/09\\\/pascal-silvestri-atelier-orchidees-creation-fleuriste-750x500.jpg&quot;,&quot;1000&quot;:&quot;https:\\\/\\\/pascalsilvestri.fr\\\/wp-content\\\/uploads\\\/2024\\\/09\\\/pascal-silvestri-atelier-orchidees-creation-fleuriste-1000x667.jpg&quot;,&quot;1500&quot;:&quot;https:\\\/\\\/pascalsilvestri.fr\\\/wp-content\\\/uploads\\\/2024\\\/09\\\/pascal-silvestri-atelier-orchidees-creation-fleuriste-1500x1000.jpg&quot;,&quot;2500&quot;:&quot;https:\\\/\\\/pascalsilvestri.fr\\\/wp-content\\\/uploads\\\/2024\\\/09\\\/pascal-silvestri-atelier-orchidees-creation-fleuriste-2500x1667.jpg&quot;}\" src=\"data:image\/svg+xml;charset=utf-8,%3Csvg xmlns%3D&#039;http%3A%2F%2Fwww.w3.org%2F2000%2Fsvg&#039; viewBox%3D&#039;0 0 1500 1000&#039;%2F%3E\" width=\"1500\" height=\"1000\" data-src=\"https:\/\/pascalsilvestri.fr\/wp-content\/uploads\/2024\/09\/pascal-silvestri-atelier-orchidees-creation-fleuriste-1500x1000.jpg\" data-image-id=\"8887\" class=\"ut-adaptive-image wp-post-image skip-lazy \">\r\n\r\n        \r\n        <img loading=\"lazy\" decoding=\"async\" data-adaptive-images=\"{&quot;300&quot;:&quot;https:\\\/\\\/pascalsilvestri.fr\\\/wp-content\\\/uploads\\\/2024\\\/09\\\/pascal-silvestri-artiste-createur-tableau-floral-atelier-orchidees-creation-fleuriste-1-300x200.jpg&quot;,&quot;500&quot;:&quot;https:\\\/\\\/pascalsilvestri.fr\\\/wp-content\\\/uploads\\\/2024\\\/09\\\/pascal-silvestri-artiste-createur-tableau-floral-atelier-orchidees-creation-fleuriste-1-500x333.jpg&quot;,&quot;750&quot;:&quot;https:\\\/\\\/pascalsilvestri.fr\\\/wp-content\\\/uploads\\\/2024\\\/09\\\/pascal-silvestri-artiste-createur-tableau-floral-atelier-orchidees-creation-fleuriste-1-750x500.jpg&quot;,&quot;1000&quot;:&quot;https:\\\/\\\/pascalsilvestri.fr\\\/wp-content\\\/uploads\\\/2024\\\/09\\\/pascal-silvestri-artiste-createur-tableau-floral-atelier-orchidees-creation-fleuriste-1-1000x667.jpg&quot;,&quot;1500&quot;:&quot;https:\\\/\\\/pascalsilvestri.fr\\\/wp-content\\\/uploads\\\/2024\\\/09\\\/pascal-silvestri-artiste-createur-tableau-floral-atelier-orchidees-creation-fleuriste-1-1500x1000.jpg&quot;,&quot;2500&quot;:&quot;https:\\\/\\\/pascalsilvestri.fr\\\/wp-content\\\/uploads\\\/2024\\\/09\\\/pascal-silvestri-artiste-createur-tableau-floral-atelier-orchidees-creation-fleuriste-1-2500x1667.jpg&quot;}\" src=\"data:image\/svg+xml;charset=utf-8,%3Csvg xmlns%3D&#039;http%3A%2F%2Fwww.w3.org%2F2000%2Fsvg&#039; viewBox%3D&#039;0 0 1500 1000&#039;%2F%3E\" width=\"1500\" height=\"1000\" data-src=\"https:\/\/pascalsilvestri.fr\/wp-content\/uploads\/2024\/09\/pascal-silvestri-artiste-createur-tableau-floral-atelier-orchidees-creation-fleuriste-1-1500x1000.jpg\" data-image-id=\"8894\" class=\"ut-adaptive-image wp-post-image skip-lazy \">\r\n\r\n        <\/div><\/div>[\/vc_column][\/vc_row][vc_row][vc_column]<div id=\"qtSliderOuter69e5aba987380\" class=\"wpb_content_element \"> <style type=\"text\/css\">@media (min-width: 1025px) {#qtSliderOuter69e5aba987380 .owl-carousel {padding-left: 80px;padding-right: 80px;}#qtSliderOuter69e5aba987380 .bkly-testimonials-style2 {padding: 0 80px;} }#qtSliderOuter69e5aba987380 .owl-dots { text-align: center } <\/style><div  class=\"ut-bkly-qt-rotator ut-bkly-text-rotator ut-bklyn-qt-rotator-style-2  ut-bklyn-qt-rotator-style-2-align-left\"><div id=\"qtSlider_69e5aba98737f\" class=\"owl-carousel\" data-settings=\"{&quot;items&quot;:1,&quot;smartSpeed&quot;:600,&quot;lazyLoad&quot;:true,&quot;autoplay&quot;:false,&quot;autoplayTimeout&quot;:5000,&quot;loop&quot;:false,&quot;nav&quot;:false,&quot;dots&quot;:false}\"><div class=\"ut-bkly-qt-slide\"><div class=\"bkly-testimonials-style2\"><div class=\"bklyn-testimonials-quote\"><p>Je consacre beaucoup de soin \u00e0 mes cr\u00e9ations car elles prennent la place d\u2019objets d\u00e9co \u00e0 part enti\u00e8re. La contemplation du travail s\u2019inscrit dans la dur\u00e9e et justifie une plus grande intensit\u00e9 technique.<\/p>\n<div class=\"bklyn-about-testimonials-author\"><div class=\"bklyn-testimonials-author-wrap\"><h3 class=\"bklyn-testimonials-author\">Pascal Silvestri<\/h3><\/div><\/div><\/div><\/div><\/div><\/div><a href=\"#\" data-for=\"qtSlider_69e5aba98737f\" class=\"ut-prev-gallery-slide\"><i class=\"Bklyn-Core-Left-2\"><\/i><\/a><a href=\"#\" data-for=\"qtSlider_69e5aba98737f\" class=\"ut-next-gallery-slide\"><i class=\"Bklyn-Core-Right-2\"><\/i><\/a><\/div><\/div>[\/vc_column][\/vc_row][vc_row][vc_column width=\u00a0\u00bb1\/2&Prime;][\/vc_column][vc_column width=\u00a0\u00bb1\/2&Prime;][\/vc_column][\/vc_row][\/vc_section]<\/p>\n","protected":false},"excerpt":{"rendered":"<p>[vc_section el_name=\u00a0\u00bbTitle Section = Padding top 0&Prime; css=\u00a0\u00bb.vc_custom_1582128760579{padding-top: 0px !important;}\u00a0\u00bb][vc_row full_width=\u00a0\u00bbstretch_row_content_no_spaces\u00a0\u00bb effect=\u00a0\u00bbnone\u00a0\u00bb][vc_column][\/vc_column][\/vc_row][vc_row][vc_column offset=\u00a0\u00bbvc_col-lg-offset-2 vc_col-lg-8&Prime;][\/vc_column][\/vc_row][vc_row][vc_column][vc_column_text]Apr\u00e8s 4 ans de formation \u00e0 la Chambre des m\u00e9tiers du Gard (Sud de la France) puis une formation chez un fleuriste montpelli\u00e9rain, il ouvre en 1996 sa premi\u00e8re boutique. S&rsquo;en suivra de nombreuses formations en Europe,\u00a0 puis\u00a0 un master en fleuristerie. [&hellip;]<\/p>\n","protected":false},"author":1,"featured_media":0,"parent":0,"menu_order":0,"comment_status":"closed","ping_status":"closed","template":"","meta":{"footnotes":""},"class_list":["post-8542","page","type-page","status-publish","hentry"],"_links":{"self":[{"href":"https:\/\/pascalsilvestri.fr\/index.php\/wp-json\/wp\/v2\/pages\/8542","targetHints":{"allow":["GET"]}}],"collection":[{"href":"https:\/\/pascalsilvestri.fr\/index.php\/wp-json\/wp\/v2\/pages"}],"about":[{"href":"https:\/\/pascalsilvestri.fr\/index.php\/wp-json\/wp\/v2\/types\/page"}],"author":[{"embeddable":true,"href":"https:\/\/pascalsilvestri.fr\/index.php\/wp-json\/wp\/v2\/users\/1"}],"replies":[{"embeddable":true,"href":"https:\/\/pascalsilvestri.fr\/index.php\/wp-json\/wp\/v2\/comments?post=8542"}],"version-history":[{"count":18,"href":"https:\/\/pascalsilvestri.fr\/index.php\/wp-json\/wp\/v2\/pages\/8542\/revisions"}],"predecessor-version":[{"id":9753,"href":"https:\/\/pascalsilvestri.fr\/index.php\/wp-json\/wp\/v2\/pages\/8542\/revisions\/9753"}],"wp:attachment":[{"href":"https:\/\/pascalsilvestri.fr\/index.php\/wp-json\/wp\/v2\/media?parent=8542"}],"curies":[{"name":"wp","href":"https:\/\/api.w.org\/{rel}","templated":true}]}}